f 64804?
4
What is the thousands digit of 1019?
1
What is the thousands digit of 5165?
5
What is the hundreds digit of 74319?
3
What is the tens digit of 1615?
1
What is the tens digit of 153?
5
What is the hundreds digit of 960?
9
What is the hundreds digit of 7316?
3
What is the ten thousands digit of 47114?
4
What is the thousands digit of 1156?
1
What is the thousands digit of 71505?
1
What is the tens digit of 17168?
6
What is the hundreds digit of 23083?
0
What is the tens digit of 490?
9
What is the hundreds digit of 13806?
8
What is the thousands digit of 71677?
1
What is the units digit of 2044?
4
What is the tens digit of 896?
9
What is the tens digit of 639?
3
What is the hundreds digit of 283?
2
What is the tens digit of 7246?
4
What is the thousands digit of 8954?
8
What is the units digit of 3736?
6
What is the hundreds digit of 1804?
8
What is the hundreds digit of 7470?
4
What is the hundreds digit of 34596?
5
What is the thousands digit of 12922?
2
What is the tens digit of 67?
6
What is the thousands digit of 5657?
5
What is the thousands digit of 22152?
2
What is the hundreds digit of 4463?
4
What is the hundreds digit of 4428?
4
What is the thousands digit of 113795?
3
What is the ten thousands digit of 15964?
1
What is the hundreds digit of 116?
1
What is the units digit of 869?
9
What is the units digit of 761?
1
What is the hundreds digit of 19273?
2
What is the units digit of 966?
6
What is the tens digit of 835?
3
What is the hundreds digit of 1445?
4
What is the units digit of 12752?
2
What is the thousands digit of 5150?
5
What is the thousands digit of 9542?
9
What is the units digit of 1182?
2
What is the tens digit of 23629?
2
What is the units digit of 4490?
0
What is the hundreds digit of 271?
2
What is the ten thousands digit of 15316?
1
What is the tens digit of 129?
2
What is the hundreds digit of 4609?
6
What is the tens digit of 450?
5
What is the thousands digit of 2377?
2
What is the units digit of 44744?
4
What is the thousands digit of 50819?
0
What is the tens digit of 231?
3
What is the units digit of 1616?
6
What is the tens digit of 533?
3
What is the hundreds digit of 154?
1
What is the tens digit of 35098?
9
What is the hundreds digit of 6931?
9
What is the units digit of 9858?
8
What is the hundreds digit of 652?
6
What is the units digit of 1744?
4
What is the hundreds digit of 6356?
3
What is the tens digit of 8709?
0
What is the tens digit of 27682?
8
What is the units digit of 7765?
5
What is the ten thousands digit of 10056?
1
What is the hundreds digit of 332?
3
What is the tens digit of 1068?
6
What is the hundreds digit of 823?
8
What is the hundreds digit of 2122?
1
What is the units digit of 2327?
7
What is the ten thousands digit of 37549?
3
What is the thousands digit of 31838?
1
What is the thousands digit of 2802?
2
What is the hundreds digit of 827?
8
What is the tens digit of 98153?
5
What is the ten thousands digit of 17314?
1
What is the thousands digit of 2749?
2
What is the tens digit of 1732?
3
What is the units digit of 1015?
5
What is the thousands digit of 79284?
9
What is the thousands digit of 23727?
3
What is the thousands digit of 1049?
1
What is the hundreds digit of 155?
1
What is the thousands digit of 1415?
1
What is the hundreds digit of 4099?
0
What is the tens digit of 310?
1
What is the units digit of 7375?
5
What is the hundreds digit of 274?
2
What is the tens digit of 1834?
3
What is the thousands digit of 20295?
0
What is the units digit of 44?
4
What is the ten thousands digit of 22768?
2
What is the hundred thousands digit of 123454?
1
What is the hundreds digit of 1134?
1
What is the ten thousands digit of 85039?
8
What is the units digit of 556?
6
What is the hundreds digit of 7753?
7
What is the hundreds digit of 610?
6
What is the ten thousands digit of 11719?
1
What is the units digit of 2043?
3
What is the tens digit of 993?
9
What is the units digit of 18571?
1
What is the thousands digit of 29741?
9
What is the ten thousands digit of 10768?
1
What is the hundreds digit of 118435?
4
What is the thousands digit of 40796?
0
What is the tens digit of 76203?
0
What is the thousands digit of 4344?
4
What is the thousands digit of 14619?
4
What is the tens digit of 19?
1
What is the thousands digit of 40988?
0
What is the tens digit of 950?
5
What is the thousands digit of 2940?
2
What is the tens digit of 6798?
9
What is the ten thousands digit of 51696?
5
What is the tens digit of 21?
2
What is the units digit of 2318?
8
What is the hundreds digit of 156102?
1
What is the hundreds digit of 80491?
4
What is the tens digit of 6886?
8
What is the tens digit of 674?
7
What is the units digit of 3257?
7
What is the hundred thousands digit of 134523?
1
What is the thousands digit of 49484?
9
What is the hundreds digit of 238?
2
What is the tens digit of 22554?
5
What is the tens digit of 971?
7
What is the tens digit of 22496?
9
What is the thousands digit of 16650?
6
What is the thousands digit of 16045?
6
What is the hundreds digit of 3258?
2
What is the units digit of 55004?
4
What is the units digit of 18702?
2
What is the thousands digit of 23417?
3
What is the hundreds digit of 5564?
5
What is the tens digit of 68943?
4
What is the units digit of 1282?
2
What is the thousands digit of 8369?
8
What is the units digit of 10730?
0
What is the tens digit of 1048?
4
What is the ten thousands digit of 61132?
6
What is the tens digit of 56769?
6
What is the units digit of 85?
5
What is the units digit of 974?
4
What is the units digit of 1422?
2
What is the hundreds digit of 3281?
2
What is the hundreds digit of 1413?
4
What is the units digit of 18030?
0
What is the hundreds digit of 1000?
0
What is the units digit of 1130?
0
What is the tens digit of 7542?
4
What is the units digit of 31237?
7
What is the units digit of 785?
5
What is the tens digit of 890?
9
What is the tens digit of 561?
6
What is the hundreds digit of 21803?
8
What is the ten thousands digit of 33975?
3
What is the tens digit of 2923?
2
What is the units digit of 17623?
3
What is the ten thousands digit of 16593?
1
What is the thousands digit of 7370?
7
What is the hundreds digit of 79472?
4
What is the units digit of 26087?
7
What is the hundreds digit of 22301?
3
What is the hundreds digit of 33040?
0
What is the units digit of 5884?
4
What is the ten thousands digit of 15795?
1
What is the hundreds digit of 337?
3
What is the hundreds digit of 156?
1
What is the hundreds digit of 2485?
4
What is the units digit of 979?
9
What is the units digit of 2630?
0
What is the ten thousands digit of 42318?
4
What is the ten thousands digit of 41125?
4
What is the units digit of 83?
3
What is the thousands digit of 7679?
7
What is the hundreds digit of 27394?
3
What is the units digit of 1426?
6
What is the tens digit of 25491?
9
What is the hundreds digit of 3760?
7
What is the units digit of 11811?
1
What is the hundreds digit of 1136?
1
What is the tens digit of 28600?
0
What is the hundreds digit of 56832?
8
What is the units digit of 51950?
0
What is the units digit of 3278?
8
What is the tens digit of 632?
3
What is the tens digit of 6470?
7
What is the tens digit of 41974?
7
What is the hundreds digit of 67236?
2
What is the ten thousands digit of 10181?
1
What is the hundreds digit of 4810?
8
What is the thousands digit of 5203?
5
What is the hundred thousands digit of 174232?
1
What is the ten thousands digit of 18369?
1
What is the tens digit of 8533?
3
What is the tens digit of 6536?
3
What is the ten thousands digit of 12957?
1
What is the hundreds digit of 2273?
2
What is the tens digit of 47840?
4
What is the thousands digit of 1201?
1
What is the thousands digit of 42300?
2
What is the units digit of 6479?
9
What is the thousands digit of 26118?
6
What is the hundreds digit of 8491?
4
What is the hundreds digit of 1773?
7
What is the thousands digit of 1915?
1
What is the ten thousands digit of 36393?
3
What is the ten thousands digit of 123467?
2
What is the units digit of 6791?
1
What is the thousands digit of 8676?
8
What is the thousands digit of 10606?
0
What is the hundreds digit of 9626?
6
What is the thousands digit of 43533?
3
What is the tens digit of 73?
7
What is 